1904 a multiple of 8?
True
Is 199 a factor of 2222233?
True
Is 4384695 a multiple of 438?
False
Is 151793 a multiple of 17?
True
Is 28852 even?
True
Is 1627780 a multiple of 755?
True
Is 646305 a multiple of 15?
True
Is 7 a factor of 13730?
False
Does 15 divide 463580?
False
Is 4697370 a multiple of 15?
True
Does 204 divide 12971952?
True
Is 10 a factor of 228400?
True
Is 196953 a multiple of 25?
False
Does 50 divide 145192?
False
Is 22 a factor of 142296?
True
Does 81 divide 498915?
False
Is 61 a factor of 5519076?
False
Is 25 a factor of 4318975?
True
Is 3003808 a multiple of 118?
True
Is 5 a factor of 3813331?
False
Is 978 a factor of 3554650?
False
Is 186 a factor of 2564010?
True
Is 1830353 a multiple of 259?
True
Does 568 divide 783840?
True
Is 18000954 a multiple of 50?
False
Does 603 divide 2462959?
False
Is 2943899 a multiple of 73?
False
Is 27 a factor of 986688?
True
Is 310 a factor of 712481?
False
Is 42361 a multiple of 177?
False
Is 3418044 a multiple of 12?
True
Is 1044450 a multiple of 225?
True
Does 8 divide 204149?
False
Is 505080 a multiple of 79?
False
Does 9 divide 181890?
True
Does 8 divide 42701?
False
Does 8 divide 754785?
False
Does 47 divide 635628?
True
Does 27 divide 1455192?
True
Does 235 divide 724270?
True
Does 83 divide 465049?
True
Is 5 a factor of 2339534?
False
Does 16 divide 60944?
True
Does 25 divide 1132850?
True
Does 14 divide 97563?
False
Is 957733 a multiple of 30?
False
Is 14586 a multiple of 187?
True
Is 102435 a multiple of 14?
False
Is 1455838 a multiple of 17?
False
Does 140 divide 625069?
False
Is 5 a factor of 50737?
False
Does 115 divide 188213?
False
Is 234 a factor of 1360944?
True
Is 780592 a multiple of 7?
False
Is 133320 a multiple of 120?
True
Does 280 divide 10464440?
True
Is 259296 a multiple of 444?
True
Is 301 a factor of 97563?
False
Does 65 divide 1150066?
False
Is 260 a factor of 2053050?
False
Is 243836 a multiple of 47?
True
Does 123 divide 782034?
True
Is 200956 a multiple of 28?
True
Does 86 divide 182664?
True
Is 138 a factor of 24777762?
True
Does 6 divide 8764?
False
Does 59 divide 110811?
False
Does 17 divide 1866415?
False
Is 20 a factor of 75180?
True
Does 25 divide 134646?
False
Is 1470 a factor of 11787930?
True
Is 7424400 a multiple of 552?
True
Is 69 a factor of 3728511?
False
Does 1902 divide 11872329?
False
Is 358020 a multiple of 20?
True
Is 6907668 a multiple of 1198?
True
Is 2324996 a multiple of 32?
False
Is 108 a factor of 154764?
True
Is 132 a factor of 32472?
True
Is 1719264 a multiple of 16?
True
Does 305 divide 474580?
True
Is 25 a factor of 3089825?
True
Is 212371 a multiple of 129?
False
Is 416528 a multiple of 28?
True
Is 153440 a multiple of 28?
True
Does 24 divide 1112501?
False
Does 497 divide 258937?
True
Does 6 divide 1451508?
True
Is 138992 a multiple of 28?
True
Is 26 a factor of 754?
True
Is 446100 a multiple of 37?
False
Is 10 a factor of 978850?
True
Is 14 a factor of 286734?
True
Does 320 divide 2154560?
True
Is 266 a factor of 172405?
False
Does 426 divide 75169?
False
Does 19 divide 122491?
False
Does 5 divide 17440?
True
Is 56698 a multiple of 37?
False
Is 52467 a multiple of 614?
False
Does 171 divide 375806?
False
Is 175 a factor of 881459?
False
Is 29 a factor of 1168961?
True
Is 82161 a multiple of 14?
False
Does 258 divide 297732?
True
Does 246 divide 27183310?
False
Does 132 divide 1723920?
True
Is 41704 a multiple of 401?
True
Is 179 a factor of 4988283?
False
Is 65001 a multiple of 522?
False
Is 3363784 a multiple of 61?
True
Is 21 a factor of 126354?
False
Does 20 divide 5004580?
True
Is 404 a factor of 365216?
True
Does 84 divide 11381664?
True
Is 1371933 a multiple of 9?
True
Is 851167 a multiple of 318?
False
Is 18 a factor of 359113?
False
Is 5 a factor of 344225?
True
Does 27 divide 1019385?
True
Is 2371241 a multiple of 347?
False
Is 308426 a multiple of 32?
False
Is 48 a factor of 427008?
True
Is 10 a factor of 121065?
False
Is 155250 a multiple of 75?
True
Is 748 a factor of 3574692?
True
Is 6 a factor of 1773858?
True
Is 39 a factor of 63198?
False
Is 9623 a multiple of 23?
False
Does 61 divide 2936924?
False
Is 26 a factor of 1104813?
False
Is 984504 a multiple of 68?
True
Is 892 a factor of 10821938?
False
Is 619951 a multiple of 12?
False
Does 211 divide 649880?
True
Is 17 a factor of 1012282?
True
Is 11 a factor of 219560?
True
Does 67 divide 1308587?
False
Is 369984 a multiple of 564?
True
Does 51 divide 81192?
True
Does 327 divide 2381868?
True
Is 23 a factor of 716810?
False
Is 707091 a multiple of 21?
True
Does 23 divide 48002?
False
Is 195 a factor of 289575?
True
Is 5516528 a multiple of 46?
False
Does 102 divide 123501?
False
Is 60 a factor of 3017700?
True
Is 25 a factor of 246725?
True
Does 13 divide 171795?
True
Does 163 divide 92258?
True
Is 385 a factor of 5340335?
True
Is 47 a factor of 369890?
True
Is 345313 a multiple of 166?
False
Is 263987 a multiple of 62?
False
Does 3 divide 85773?
True
Does 8 divide 1290264?
True
Is 13014 a multiple of 18?
True
Is 87 a factor of 579246?
True
Does 10 divide 116460?
True
Is 6397128 a multiple of 36?
True
Does 9 divide 468069?
False
Is 179320 a multiple of 126?
False
Is 15 a factor of 2734125?
True
Does 474 divide 9882426?
True
Is 3305355 a multiple of 15?
True
Is 12063 a multiple of 52?
False
Is 20 a factor of 7400?
True
Is 2482607 a multiple of 22?
False
Does 23 divide 2944?
True
Is 273 a factor of 396123?
True
Does 405 divide 68445?
True
Is 2559005 a multiple of 105?
False
Is 199 a multiple of 2?
False
Is 13 a factor of 35516?
True
Is 7 a factor of 345394?
True
Does 46 divide 4492866?
True
Is 16454 a multiple of 21?
False
Is 419547 a multiple of 244?
False
Is 21600 a multiple of 11?
False
Is 358260 a multiple of 328?
False
Is 132 a factor of 5544?
True
Does 9 divide 1334270?
False
Does 27 divide 59022?
True
Is 147 a factor of 147855?
False
Is 28 a factor of 14546?
False
Is 9 a factor of 4815549?
True
Is 4280827 a multiple of 20?
False
Does 14 divide 14280?
True
Is 71 a factor of 112251?
True
Is 698881 a multiple of 8?
False
Is 19627700 a multiple of 347?
False
Does 40 divide 466120?
True
Is 8951935 a multiple of 604?
False
Is 13927485 a multiple of 559?
True
Is 13098 a multiple of 69?
False
Does 183 divide 35136?
True
Is 247705 a multiple of 9?
False
Does 7 divide 9363424?
True
Is 7965119 a multiple of 17?
False
Does 114 divide 7717914?
True
Does 25 divide 759100?
True
Is 179 a factor of 2481111?
False
Is 71 a factor of 170471?
True
Does 244 divide 8384118?
False
Is 245 a factor of 768810?
True
Does 22 divide 1971904?
True
Is 219 a factor of 3136956?
True
Does 320 divide 10881920?
True
Is 583416 a multiple of 296?
True
Is 141941 a multiple of 27?
False
Does 12 divide 964422?
False
Is 1445432 a multiple of 45?
False
Does 203 divide 957883?
False
Is 19 a factor of 330125?
True
Does 10 divide 11250?
True
Is 15 a factor of 17010?
True
Does 8 divide 180653?
False
Does 125 divide 2034360?
False
Is 11 a factor of 4986?
False
Does 5 divide 246751?
False
Does 189 divide 5763278?
False
Does 139 divide 1159538?
True
Is 17 a factor of 13364934?
False
Is 19950 a multiple of 21?
True
Does 242 divide 78166?
True
Is 16681344 a multiple of 128?
True
Is 31 a factor of 576614?
False
Is 34871 a multiple of 88?
False
Is 68 a factor of 36244?
True
Does 56 divide 132368?
False
Is 16 a factor of 5785921?
False
Does 439 divide 284033?
True
Is 35 a factor of 1206240?
True
Is 324 a factor of 2148526?
False
Is 95 a factor of 13395?
True
Is 43 a factor of 6528432?
True
Does 274 divide 46033?
False
Is 5 a factor of 192714?
False
Is 140 a factor of 24640?
True
Is 7 a factor of 2562728?
True
Is 1490142 a multiple of 679?
False
Is 1110 a factor of 1579150?
False
Does 152 divide 9579135?
False
Does 287 divide 331772?
True
Does 138 divide 111504?
True
Is 95760 a multiple of 240?
True
Is 1467008 a multiple of 292?
True
Does 165 divide 639870?
True
Is 13148 a multiple of 91?
False
Is 27 a factor of 174436?
False
Is 7243638 a multiple of 247?
False
Does 18 divide 4015980?
True
Is 445 a factor of 4142505?
True
Is 15 a factor of 376034?
False
Is 2725464 a multiple of 6?
True
Does 52 divide 112008?
True
Does 16 divide 32589?
False
Is 37829 a multiple of 11?
True
Is 2 a factor of 28387?
False
Does 17 di